19). Suppose c = -3*y + 3*m + 693, -5*y + 1376 = 5*m + 201. List the prime factors of y.
233
Let f be (8 + (2 + -1)/(-1))/1. Suppose 2*y = -f*y + 2628. What are the prime factors of y?
2, 73
List the prime factors of 66/396 - (-409983)/18.
22777
Let n(s) = 3817*s**2 - 2*s + 1. Let f be n(1). Suppose 0 = -253*v + 84*v + 676. List the prime factors of ((-4)/6)/(v*(-6)/f).
2, 53
Let s = -482 - -476. Let t = 48 - s. What are the prime factors of t?
2, 3
Suppose -d + 38 - 218 = 0. Let q = 311 + d. Suppose 0 = -8*i + 9*i - q. What are the prime factors of i?
131
List the prime factors of (-17)/((-221)/(-52)) - -2083.
3, 7, 11
Let t(g) = 6*g**2 + 7*g + 2. Let v be t(-11). Suppose -18*a - v + 7779 = 0. List the prime factors of a.
2, 3, 11
Suppose -134*k = -59*k - 3839700. What are the prime factors of k?
2, 12799
Let o = -1202 + 1206. Suppose -7*a + 25 = -2*a. Suppose o*c + 128 = a*c. List the prime factors of c.
2
Suppose -3*c = -2*c + 4*c. Suppose c = -17*f + 24*f + 462. Let s = f - -93. What are the prime factors of s?
3
Let c be 3/2*832/(-78). Let m(b) = -128*b - 383. What are the prime factors of m(c)?
3, 5, 37
Let f(k) = -k**3 - 12*k**2 + k + 18. Let x be f(-12). Suppose 8*g + 4*q = 10*g - 1332, -2*q = x. What are the prime factors of g?
2, 3, 5, 11
Let r(i) = i**3 + 35*i**2 + 128*i - 45. What are the prime factors of r(-23)?
3359
Suppose 4 = o - c, -c = -4*o + c + 12. Suppose -y - o*h + h = -15, 2*y - 36 = -4*h. Let q = y + 28. List the prime factors of q.
2, 5
Let z be 0 - (3 + 1 - 0). Let m(k) = k**2 + 6*k + 10. Let c be m(z). Suppose -4*r = -c*r - 78. What are the prime factors of r?
3, 13
Let c = -9042 - -22566. What are the prime factors of c?
2, 3, 7, 23
Let u(v) = 11*v + 14. Let b(r) = -r**2 - 22*r + 50. Let z be b(-24). Suppose z*n - p - 25 = 2*p, p = n - 10. What are the prime factors of u(n)?
3, 23
Let f(o) = 22 - 74*o + 8 - 137. List the prime factors of f(-12).
11, 71
Suppose 0 = -4*x + 2*b + 26678, -3*b - 17752 = -5*x + 15595. What are the prime factors of x?
2, 5, 23, 29
Suppose n = 0, 3888 = p + 30*n - 25*n + 213. What are the prime factors of p?
3, 5, 7
Let f be 3 + 4 + 4 + -3. Suppose -3*g - 12 = -6*g - o, -2*o - f = -2*g. Suppose j = g*j - 51. What are the prime factors of j?
17
List the prime factors of (-5)/6 + (-34430696)/(-2256).
3, 5087
Let j(s) = -124*s - 14. Let r(c) = -c**2 - 2*c + 4. Let v be r(-4). List the prime factors of j(v).
2, 241
Let c = 18331 - 11373. List the prime factors of c.
2, 7, 71
Let u(z) = 1031*z - 183. Let h be u(9). Suppose 13*k = 25*k - h. List the prime factors of k.
2, 379
Let v = -122 + 124. What are the prime factors of (10/15 + 0)/(v/693)?
3, 7, 11
Let s(l) = 2*l**3 + 95*l**2 - 3*l + 356. List the prime factors of s(-45).
2, 1327
Suppose 31*j - 2*g + 15177 = 34*j, 5*j - 25327 = 2*g. What are the prime factors of j?
61, 83
Suppose 737 = 2*f - 261. Suppose -9*m = -374 - f. List the prime factors of m.
97
Let d(r) be the third derivative of 71*r**6/360 + r**5/120 - 8*r**3/3 + 13*r**2. Let v(x) be the first derivative of d(x). What are the prime factors of v(1)?
2, 3
Let j = -5 - 11. Let z(b) = 4*b + 67. Let y be z(j). Suppose 4*k - 105 = -3*w + 68, -182 = -y*w + 5*k. What are the prime factors of w?
59
What are the prime factors of (-2)/((544/233008)/(-17))?
14563
Let s be 5 + 0 + (-1)/1. Suppose -3*u + x = 60 - 1169, -3*x - 1477 = -s*u. List the prime factors of u.
2, 5, 37
Let p(v) = -5250*v + 690. What are the prime factors of p(-3)?
2, 3, 5, 137
Let z(f) = f**2 + 6*f - 1. Let p(l) = l. Let a(b) = -p(b) + z(b). Let j be a(-6). Suppose 385 = j*o + 5*w, 6*o - 5*o = -2*w + 80. List the prime factors of o.
2, 37
Suppose -4659308 = 316*l - 402*l. What are the prime factors of l?
2, 103, 263
Let a(b) = b + 4. Let p be a(7). Suppose -f + p = -2. Let q(j) = j**3 - 14*j**2 + 19*j + 3. What are the prime factors of q(f)?
3
Suppose 2*m + 0*m = -5*s + 4533, -s + 2*m + 909 = 0. Suppose -5*c + 4*q - 670 + 5211 = 0, c - 2*q - s = 0. List the prime factors of c.
3, 101
Let k(q) = q**3 - q**2 - q + 67. List the prime factors of k(11).
2, 3, 211
Suppose 0 = f - 5*k - 9143, -9128 = -f - 27*k + 29*k. What are the prime factors of f?
2, 47, 97
Let m(d) = 2*d**3 + 22*d**2 + 2*d + 7. Let t be m(-11). Let i(u) = -u**3 - 14*u**2 + 4*u - 19. List the prime factors of i(t).
2, 73
Let g(w) = -w**3 + 11*w**2 + 3*w - 26. Let s be g(11). Suppose -i = u - 2, 3*u - s*i = -2*i - 10. Let m(r) = -4*r + 30. What are the prime factors of m(u)?
2, 3, 5
Let m = 63078 + -31460. What are the prime factors of m?
2, 15809
Let u(a) = 2*a**2 + 32*a - 78. Let p be u(-18). What are the prime factors of 37/2*((31 - 3) + p)?
11, 37
Suppose -57*j + u = -52*j - 23152, 5*j = 3*u + 23156. List the prime factors of j.
2, 5, 463
Let c(x) = -9359*x + 1330. What are the prime factors of c(-7)?
3, 7, 1061
What are the prime factors of (-58)/(-6)*-6*(-33 - -1)?
2, 29
Suppose 2*z = 5*a + 589, 5*a - 1525 = -5*z + 7*a. Let l = 622 + z. What are the prime factors of l?
929
Let r(b) = 28*b**2 + 3*b + 4. Let n(w) = -11*w**3 - 2*w**2 - w + 2. Let q be n(1). Let k be 28/q + (-4)/36*-3. What are the prime factors of r(k)?
2, 5, 11
Let c(r) = -2*r**3 + 13*r**2 + 6*r - 1. Let t be c(7). Let q be 112 - (4/t*-2 + 2). Suppose -q = -2*f + 31. What are the prime factors of f?
2, 5, 7
Let z(a) = 11*a**3 + 15*a**2 - 66*a + 77. List the prime factors of z(6).
7, 53
Let j(i) = -26124*i**3 - 6*i**2 - 18*i - 12. List the prime factors of j(-1).
2, 3, 7, 311
Suppose s - 1666 = -3*s - 5*m, 2*s - 830 = -m. Suppose -s = 6*o + 486. Let j = o - -257. List the prime factors of j.
107
Let p be 17 + 8063 + (1 - 2)*-2. Suppose -p = -16*o + 2270. What are the prime factors of o?
647
Let h(z) = -7*z - 18. Let t be h(-3). Suppose 0*k = -t*k - 48. Let i = 65 + k. List the prime factors of i.
7
Suppose b = 5*h - 33376, -17690 - 9024 = -4*h + 3*b. List the prime factors of h.
2, 47, 71
Let f = -9542 - -14663. What are the prime factors of f?
3, 569
Let c(p) = p**3 + 38*p**2 + 57*p - 25. Let i be c(-35). Suppose 5221 = 6*j - i. What are the prime factors of j?
2, 3, 191
Let r = 78 - 55. Suppose -40*m + 2100 = -30*m. Suppose r*c = 25*c - m. List the prime factors of c.
3, 5, 7
Suppose -20 = 5*n, 5*s - 5*n - 3446 = -96. Let u = s + -476. List the prime factors of u.
2, 5, 19
Let a be (-30)/(6/2)*(-219)/(-6). Suppose -2640 = 13*m - 18*m. Let y = m + a. What are the prime factors of y?
163
Suppose -3*v = v - 2*c - 19462, 9730 = 2*v - 2*c. What are the prime factors of v?
2, 3, 811
Let q = 638 - 594. Suppose q*n + 2399 = 8295. List the prime factors of n.
2, 67
Suppose 0 = 3*l + 4*l - 210. Suppose 104 - l = -2*u. Let c = 37 - u. What are the prime factors of c?
2, 37
Suppose 2*c = -4*w + 4*c - 84, 4*c - 48 = 2*w. Let q = w - -26. Suppose 0 = 3*r + p - 22, 3*p + 0*p + q = 0. List the prime factors of r.
2
Suppose -2 = -4*y + 6. Suppose -h + 119 = y*q, -123 = -2*q + 3*h - 0*h. Let o = -17 + q. List the prime factors of o.
43
Let y = 9548 - 6912. List the prime factors of y.
2, 659
What are the prime factors of ((-6200 - -1) + 1)*(-1396)/1047?
2, 1033
Suppose 190 = -8*t - 10. Let j = t + 27. Suppose 2*i + 25 = 4*b + 65, 0 = -4*i - j*b + 80. What are the prime factors of i?
2, 5
Suppose -2*n = -4*y - 0 + 4, 0 = 5*n. List the prime factors of (137000/400)/((-3)/(-2) - y).
5, 137
Suppose m + 2*f = 32802, 2*m - 18*f - 65636 = -14*f. List the prime factors of m.
2, 5, 17, 193
Let l(v) = 424*v**2 - 33*v + 150. List the prime factors of l(5).
5, 29, 73
Let g(k) = -385*k + 473. Let t(l) be the second derivative of -11*l**3/3 + 27*l**2/2 - l. Let h(m) = -5*g(m) + 88*t(m). List the prime factors of h(-8).
3, 11
Let u = 55 + 8766. List the prime factors of u.
8821
Suppose y + 4*a = 14621, y + 2*a = 13715 + 898. List the prime factors of y.
5, 23, 127
Let m(t) = 5*t + 24. Let u be m(13). Let f = u - 51. Let k = f + -7. What are the prime factors of k?
31
Suppose -32 = 5*u - m - 271, 86 = 2*u + 2*m. Let k = u + -10. What are the prime factors of k?
37
Suppose -12*i + 222 = -13*i + 4*x, -5*x = -5. Suppose -472 + 1780 = 4*d. Let a = d + i. List the prime factors of a.
109
Suppose 0 = -z - 3*x - 6, 28 + 6 = 5*z - x. Suppose 9*q - 129 = z*q. Suppose 0 = -g + 32 + q. What are the prime factors of g?
3, 5
Let